{"id":16,"date":"2022-06-09T23:01:36","date_gmt":"2022-06-09T23:01:36","guid":{"rendered":"https:\/\/karacarehabilitasyon.tekalp.com\/?page_id=16"},"modified":"2022-06-27T19:57:13","modified_gmt":"2022-06-27T19:57:13","slug":"etkinlikler","status":"publish","type":"page","link":"https:\/\/karacarehabilitasyon.tekalp.com\/?page_id=16","title":{"rendered":"ETK\u0130NL\u0130KLER"},"content":{"rendered":"<p>2022 ENGELL\u0130LER HAFTASI ETK\u0130NL\u0130KLER\u0130<\/p>\n","protected":false},"excerpt":{"rendered":"<p>2022 ENGELL\u0130LER HAFTASI ETK\u0130NL\u0130KLER\u0130<\/p>\n","protected":false},"author":1,"featured_media":0,"parent":0,"menu_order":0,"comment_status":"closed","ping_status":"closed","template":"","meta":{"footnotes":""},"class_list":["post-16","page","type-page","status-publish","hentry"],"aioseo_notices":[],"_links":{"self":[{"href":"https:\/\/karacarehabilitasyon.tekalp.com\/index.php?rest_route=\/wp\/v2\/pages\/16","targetHints":{"allow":["GET"]}}],"collection":[{"href":"https:\/\/karacarehabilitasyon.tekalp.com\/index.php?rest_route=\/wp\/v2\/pages"}],"about":[{"href":"https:\/\/karacarehabilitasyon.tekalp.com\/index.php?rest_route=\/wp\/v2\/types\/page"}],"author":[{"embeddable":true,"href":"https:\/\/karacarehabilitasyon.tekalp.com\/index.php?rest_route=\/wp\/v2\/users\/1"}],"replies":[{"embeddable":true,"href":"https:\/\/karacarehabilitasyon.tekalp.com\/index.php?rest_route=%2Fwp%2Fv2%2Fcomments&post=16"}],"version-history":[{"count":1,"href":"https:\/\/karacarehabilitasyon.tekalp.com\/index.php?rest_route=\/wp\/v2\/pages\/16\/revisions"}],"predecessor-version":[{"id":17,"href":"https:\/\/karacarehabilitasyon.tekalp.com\/index.php?rest_route=\/wp\/v2\/pages\/16\/revisions\/17"}],"wp:attachment":[{"href":"https:\/\/karacarehabilitasyon.tekalp.com\/index.php?rest_route=%2Fwp%2Fv2%2Fmedia&parent=16"}],"curies":[{"name":"wp","href":"https:\/\/api.w.org\/{rel}","templated":true}]}}