{"id":20,"date":"2022-06-09T23:08:36","date_gmt":"2022-06-09T23:08:36","guid":{"rendered":"https:\/\/karacarehabilitasyon.tekalp.com\/?page_id=20"},"modified":"2024-03-20T22:23:05","modified_gmt":"2024-03-20T22:23:05","slug":"kadromuz","status":"publish","type":"page","link":"https:\/\/karacarehabilitasyon.tekalp.com\/?page_id=20","title":{"rendered":"KADROMUZ Karaisal\u0131 Karaca Rehabilitasyon"},"content":{"rendered":"<h6 style=\"text-align: center;\"><span style=\"color: #000000;\">KURUCU M\u00dcD\u00dcR<\/span><\/h6>\n<h6 style=\"text-align: center;\"><span style=\"color: #0000ff;\">G\u00dcLS\u00dcN TEKALP<\/span><\/h6>\n<h6><\/h6>\n<h6 style=\"text-align: center;\"><span style=\"color: #000000;\">M\u00dcD\u00dcR<\/span><\/h6>\n<h6 style=\"text-align: center;\"><span style=\"color: #0000ff;\">VOLKAN KARACA<\/span><\/h6>\n<h6><\/h6>\n<h6 style=\"text-align: center;\"><span style=\"color: #000000;\">\u00d6ZEL E\u011e\u0130T\u0130M\u00a0<\/span><\/h6>\n<h6 style=\"text-align: center;\"><span style=\"color: #0000ff;\">AY\u015eE DEL\u0130BA\u015e<\/span><\/h6>\n<h6 style=\"text-align: center;\"><span style=\"color: #0000ff;\">DERYA SALDIK<\/span><\/h6>\n<h6 style=\"text-align: center;\"><span style=\"color: #0000ff;\">NECAT\u0130 KARADA\u011e<\/span><\/h6>\n<h6 style=\"text-align: center;\"><span style=\"color: #0000ff;\">HAYRETT\u0130N G\u00d6\u00c7ER<\/span><\/h6>\n<h6 style=\"text-align: center;\"><span style=\"color: #0000ff;\">NAZ\u0130FE G\u00d6\u00c7ER<\/span><\/h6>\n<h6><\/h6>\n<h6 style=\"text-align: center;\"><span style=\"color: #000000;\">PS\u0130KOLOG<\/span><\/h6>\n<h6 style=\"text-align: center;\"><span style=\"color: #0000ff;\">SEDA SALIK<\/span><\/h6>\n<h6><\/h6>\n<h6 style=\"text-align: center;\"><span style=\"color: #000000;\">DESTEK H\u0130ZMETLER\u0130<\/span><\/h6>\n<h6 style=\"text-align: center;\"><span style=\"color: #0000ff;\">NEVR\u0130YE G\u00dcNG\u00d6R<\/span><\/h6>\n<h6 style=\"text-align: center;\"><\/h6>\n<h6 style=\"text-align: center;\"><\/h6>\n<h6 style=\"text-align: center;\">karaisal\u0131 rehabilitasyon<\/h6>\n<h6 style=\"text-align: center;\">karaisal\u0131 \u00f6zel e\u011fitim<\/h6>\n","protected":false},"excerpt":{"rendered":"<p>KURUCU M\u00dcD\u00dcR G\u00dcLS\u00dcN TEKALP M\u00dcD\u00dcR VOLKAN KARACA \u00d6ZEL E\u011e\u0130T\u0130M\u00a0 AY\u015eE DEL\u0130BA\u015e DERYA SALDIK NECAT\u0130 KARADA\u011e HAYRETT\u0130N G\u00d6\u00c7ER NAZ\u0130FE<\/p>\n","protected":false},"author":1,"featured_media":0,"parent":0,"menu_order":0,"comment_status":"closed","ping_status":"closed","template":"","meta":{"footnotes":""},"class_list":["post-20","page","type-page","status-publish","hentry"],"aioseo_notices":[],"_links":{"self":[{"href":"https:\/\/karacarehabilitasyon.tekalp.com\/index.php?rest_route=\/wp\/v2\/pages\/20","targetHints":{"allow":["GET"]}}],"collection":[{"href":"https:\/\/karacarehabilitasyon.tekalp.com\/index.php?rest_route=\/wp\/v2\/pages"}],"about":[{"href":"https:\/\/karacarehabilitasyon.tekalp.com\/index.php?rest_route=\/wp\/v2\/types\/page"}],"author":[{"embeddable":true,"href":"https:\/\/karacarehabilitasyon.tekalp.com\/index.php?rest_route=\/wp\/v2\/users\/1"}],"replies":[{"embeddable":true,"href":"https:\/\/karacarehabilitasyon.tekalp.com\/index.php?rest_route=%2Fwp%2Fv2%2Fcomments&post=20"}],"version-history":[{"count":9,"href":"https:\/\/karacarehabilitasyon.tekalp.com\/index.php?rest_route=\/wp\/v2\/pages\/20\/revisions"}],"predecessor-version":[{"id":207,"href":"https:\/\/karacarehabilitasyon.tekalp.com\/index.php?rest_route=\/wp\/v2\/pages\/20\/revisions\/207"}],"wp:attachment":[{"href":"https:\/\/karacarehabilitasyon.tekalp.com\/index.php?rest_route=%2Fwp%2Fv2%2Fmedia&parent=20"}],"curies":[{"name":"wp","href":"https:\/\/api.w.org\/{rel}","templated":true}]}}